d 1754.
1754
What is the greatest common factor of 267220006 and 7994?
1142
Calculate the greatest common factor of 50782590 and 144.
18
Calculate the highest common divisor of 46164801 and 3951.
1317
What is the greatest common factor of 57391 and 253312?
1979
Calculate the highest common factor of 35585130 and 6888.
1722
What is the highest common divisor of 62642791 and 5795?
1159
Calculate the highest common divisor of 1723239 and 91392.
357
What is the greatest common divisor of 6128030 and 2370?
790
Calculate the highest common divisor of 136896 and 12772.
124
Calculate the highest common divisor of 60886252 and 21.
7
Calculate the greatest common divisor of 80592 and 77745.
219
What is the greatest common divisor of 14637920 and 13200?
880
Calculate the greatest common divisor of 11001 and 1597539.
57
Calculate the highest common factor of 3041948 and 119743.
793
Calculate the greatest common factor of 3732 and 39414.
6
Calculate the greatest common factor of 710331 and 315250.
97
What is the highest common factor of 825424393 and 2558?
1279
What is the greatest common factor of 310816 and 25696?
352
What is the highest common divisor of 1540137 and 4886?
349
What is the greatest common factor of 528 and 1132703?
11
Calculate the greatest common factor of 95593575 and 105.
105
What is the greatest common divisor of 9105536 and 704?
704
Calculate the highest common factor of 765 and 13729285.
85
What is the highest common factor of 11800 and 9442775?
25
What is the greatest common factor of 8 and 15236?
4
What is the highest common divisor of 4346 and 402393967?
2173
What is the greatest common factor of 15976 and 42604?
4
What is the greatest common factor of 6 and 266403?
3
Calculate the highest common factor of 192 and 1420908.
12
Calculate the highest common divisor of 838325470 and 5210.
5210
What is the greatest common factor of 228879 and 62181?
1323
Calculate the greatest common factor of 9495291 and 3081.
39
What is the highest common divisor of 21842 and 114?
2
What is the greatest common factor of 195 and 3906390?
15
Calculate the greatest common divisor of 139404 and 5832.
12
Calculate the highest common factor of 176750 and 2532250.
1750
What is the highest common factor of 21654513 and 108?
27
Calculate the greatest common divisor of 118233620 and 20.
20
Calculate the greatest common factor of 1106 and 704664674.
1106
Calculate the highest common divisor of 57427924 and 6062.
866
What is the highest common factor of 56052 and 122?
2
What is the highest common divisor of 208957 and 4431?
7
Calculate the greatest common factor of 178806807 and 414.
207
Calculate the greatest common divisor of 2738 and 29416258.
74
What is the greatest common factor of 6269612 and 752?
188
Calculate the greatest common factor of 13787 and 87227.
17
Calculate the highest common divisor of 3525 and 34930635.
705
Calculate the highest common factor of 66 and 228702914.
22
Calculate the highest common divisor of 125912 and 28904.
8
Calculate the greatest common divisor of 849955375 and 17.
17
What is the highest common divisor of 180 and 4967220?
60
Calculate the greatest common divisor of 11260 and 12820.
20
Calculate the greatest common factor of 284253 and 5289.
123
Calculate the highest common factor of 3628200 and 4440.
120
What is the highest common divisor of 9376224 and 2184?
312
What is the greatest common factor of 464 and 8562656?
464
Calculate the greatest common factor of 85925 and 4513763.
491
What is the greatest common divisor of 5 and 277393525?
5
Calculate the highest common factor of 44994960 and 12386.
1126
What is the highest common factor of 79135 and 268090?
1615
Calculate the greatest common divisor of 1809253 and 1426.
31
Calculate the highest common divisor of 1967 and 35463324.
281
Calculate the greatest common divisor of 1131386 and 666.
74
What is the greatest common factor of 132 and 1631382?
6
What is the highest common factor of 8063825 and 49560?
2065
Calculate the greatest common factor of 583 and 1203378.
11
Calculate the highest common factor of 91 and 233149.
7
What is the greatest common factor of 4730 and 90170?
10
What is the greatest common factor of 59980694 and 9830?
1966
What is the highest common divisor of 4115711 and 16144?
1009
What is the greatest common factor of 836 and 1445092?
44
Calculate the greatest common factor of 253797 and 837.
93
Calculate the greatest common factor of 204508 and 1828102.
2494
What is the greatest common divisor of 488136 and 175736?
88
What is the greatest common factor of 53613581 and 371?
371
What is the highest common divisor of 411381 and 453177?
387
What is the greatest common factor of 12 and 8940832?
4
Calculate the highest common divisor of 144 and 287418.
6
What is the greatest common divisor of 23888310 and 705?
15
What is the greatest common factor of 162 and 54201366?
54
Calculate the highest common factor of 119 and 3614051.
7
Calculate the highest common factor of 41656 and 2952.
328
Calculate the highest common factor of 399867 and 21632.
13
Calculate the highest common factor of 52585 and 390.
65
Calculate the highest common factor of 39702 and 6108.
3054
What is the greatest common factor of 40 and 9064226?
2
Calculate the greatest common factor of 283 and 27694663.
283
Calculate the highest common divisor of 6446186 and 4103.
373
What is the greatest common factor of 54761768 and 1504?
376
What is the highest common divisor of 174 and 29563122?
174
Calculate the highest common factor of 3723291 and 92547.
117
Calculate the highest common factor of 398 and 12731423.
199
What is the highest common factor of 32 and 72474520?
8
Calculate the highest common factor of 21578304 and 17.
17
Calculate the highest common factor of 29034 and 2475.
9
What is the highest common factor of 63678641 and 2301?
767
What is the greatest common factor of 467 and 27410098?
467
Calculate the highest common factor of 126873040 and 16.
16
What is the highest common divisor of 49178342 and 1096?
274
Calculate the highest common divisor of 278 and 1048538.
2
Calculate the highest common divisor of 64 and 17462752.
32
What is the highest common factor of 17728400 and 432?
16
What is the greatest common factor of 1744512 and 189?
21
What is the highest common divisor of 203660 and 9010?
170
What is the greatest common factor of 24138885 and 30?
15
What is the highest common factor of 4714425 and 21275?
575
Calculate the highest common factor of 1898697 and 1573869.
3867
What is the highest common divisor of 136157 and 675647?
2569
Calculate the highest common divisor of 13192 and 73438215.
1649
Calculate the greatest common divisor of 96 and 53393136.
48
Calculate the highest common divisor of 2410 and 995812.
482
What is the greatest common factor of 46 and 79529423?
23
What is the highest common divisor of 125356 and 112772?
484
What is the greatest common factor of 10442865 and 75?
15
Calculate the highest common factor of 145598712 and 15260.
3052
Calculate the greatest common divisor of 624761271 and 7368.
921
Calculate the greatest common divisor of 5250303 and 45.
9
Calculate the greatest common divisor of 1013 and 5689.
1
Calculate the greatest common factor of 5934 and 242604.
138
What is the greatest common factor of 8576 and 646528?
128
Calculate the greatest common divisor of 818216 and 1672.
152
What is the highest common divisor of 253971417 and 8582?
4291
What is the highest common divisor of 1287 and 118179?
9
Calculate the greatest common divisor of 84095870 and 930.
310
Calculate the greatest common factor of 33696608 and 2552.
2552
What is the highest common divisor of 10 and 1177622?
2
What is the highest common factor of 841717905 and 129?
129
Calculate the highest common factor of 4251207 and 51.
51
Calculate the highest common factor of 30051 and 32093355.
1113
What is the highest common divisor of 738 and 161659116?
18
Calculate the greatest common factor of 279367200 and 23100.
2100
Calculate the highest common factor of 122460 and 528.
12
Calculate the greatest common divisor of 22815 and 78603759.
1521
What is the greatest common divisor of 31 and 8694694?
31
Calculate the greatest common divisor of 101 and 295640231.
101
Calculate the greatest comm